 5. Let h be n(-5). Suppose 24 = -h*t + w*t. What is the greatest common divisor of 12 and t?
6
Let g = -4 + 0. Let h = 963 + -351. Let w be g/(-14) + h/14. Calculate the greatest common divisor of 11 and w.
11
Let x(i) = 13*i**3 - 4*i**2 + 2*i - 1. Let f be x(1). Suppose -40 = -4*a - 0*a. Calculate the highest common factor of a and f.
10
Suppose -4*p = 3*o - 32, 2*p + 6 = -2. Let x(d) = -d**2 - 10*d - 1. Let v be x(-9). Calculate the greatest common factor of o and v.
8
Let r = 7 - 4. Let k be r*((-16)/6 + 3). Suppose 0 = -z + k. Calculate the highest common factor of 9 and z.
1
Suppose -10 = -q + 3*q. Let r = 2 - q. What is the greatest common factor of r and 28?
7
Suppose 5*o - 3*k = -2*k + 279, -o + 67 = -3*k. Let j(a) = -9*a + 2. Let d be j(-1). What is the greatest common factor of d and o?
11
Let s = 2 - 0. Let p(n) = -6*n**2 - 1. Let j be p(-1). Let k = 11 + j. What is the greatest common divisor of s and k?
2
Let d be (24/(-5))/(15/(-250)). Let x(i) = -2*i - 14. Let z be x(-12). What is the highest common factor of z and d?
10
Suppose -37*a + 128 = -33*a. Let c = -3 + 7. Suppose -c*p + 21 = 5. Calculate the greatest common factor of a and p.
4
Let v = -17 - -18. Let x be 9 + -4 - (-2 - -5). Calculate the highest common factor of v and x.
1
Let f be 2 + -3 + -7 + 24. What is the highest common divisor of 2 and f?
2
Let x = -23 + 28. Suppose 2*y = a + 79, x*a - 6 = -1. Let t = -117 + 177. Calculate the greatest common factor of y and t.
20
Suppose 5*g - 782 = 3*g + z, 0 = 5*z - 20. Let q be (-3)/(g/(-384) - -1). What is the greatest common factor of q and 16?
16
Suppose -3*v - 44 = -4*v. Suppose 0 = 3*o - m - 275, v = 2*o - 5*m - 148. What is the highest common divisor of o and 13?
13
Let c(r) = r**3 + 7*r**2 + 4*r - 8. Let n be c(-6). Suppose -k + n*y + 6 = -19, -20 = -2*k + 2*y. What is the highest common factor of 5 and k?
5
Suppose 5*g - 95 = h, 0 = -g - 5*h + 17 + 28. Suppose 0 = -4*c - 0*c + 96. Suppose -5*a + c = -2*a. Calculate the highest common factor of a and g.
4
Suppose -3*n + 9 = -2*v - 44, -4*n - 4*v = -64. What is the greatest common factor of n and 119?
17
Suppose -4*q - q + 25 = 0. Let v be ((-16)/(-10))/(2/q). What is the highest common divisor of v and 4?
4
Let r be ((-60)/9)/4*-9. Let k = r + -9. Calculate the highest common divisor of 12 and k.
6
Suppose 3*j - j = 176. Suppose -3*k = -7*k + j. Calculate the highest common factor of 110 and k.
22
Let s be (-4)/14 + (-1070)/(-70). Calculate the highest common factor of s and 15.
15
Suppose 0 = 3*v - 12, -3*r + 5*v - 3 - 11 = 0. Suppose 8 - r = 2*j. What is the greatest common factor of 3 and j?
3
Suppose -7 + 4 = -3*l. What is the highest common divisor of 11 and l?
1
Let a be (-8)/(-32) - 307/(-4). What is the greatest common divisor of a and 55?
11
Suppose 0 = 4*i + k - 31, -4*i + 0*k = -5*k - 13. Calculate the greatest common divisor of i and 63.
7
Suppose 19*l - 11*l - 720 = 0. What is the highest common factor of l and 36?
18
Let w be (-151)/(-3) + (-4)/(-6). Suppose 5*u - w = -k - k, 2*u + 162 = 4*k. Suppose 10*l - 950 = -0*l. What is the highest common divisor of l and k?
19
Let r(g) = -g**3 + 13*g**2 + 2*g + 7. Let z be r(12). What is the greatest common divisor of 35 and z?
35
Let z = 11 + -9. Calculate the greatest common factor of z and 5.
1
Suppose -73 - 207 = -4*l. Calculate the highest common divisor of 10 and l.
10
Suppose 2*y - 227 = -5*t, -4*y + 3*y + 226 = 5*t. What is the highest common divisor of t and 360?
45
Suppose 0 = 2*f + 3*f + 5. Let l be (-1 - -1)/(f - -3). Suppose l = -a + 3*z + 45, a = -3*z + 8 + 7. What is the highest common divisor of 12 and a?
6
Suppose 3*g = 4*i - 18, 10 = -5*g + 3*i - 9. Let h be 43 + 2/(-4)*g. Calculate the highest common divisor of 11 and h.
11
Let q(g) = -g**2 + 7*g - 1. Let p be q(6). Suppose -5*u - p*y + 24 = -41, -5*u + 37 = -2*y. Calculate the greatest common divisor of u and 63.
9
Let i = -49 - -74. Let q be (9/(-18))/(2/(-16)). Suppose -q*o - 140 = -l + o, -5*o = 15. Calculate the greatest common factor of i and l.
25
Suppose 315 = 3*x - 2*i, x - 420 = -3*x + 4*i. What is the highest common factor of x and 21?
21
Suppose -d + w = 3 - 5, 4*d - 7 = 5*w. Let z(a) = -a**3 + 5*a**2 + 7*a. Let x be z(6). Let j = x + 3. Calculate the highest common divisor of d and j.
3
Let t be 1/(-4) + 63/12. Suppose -x = t, 5*u + 3*x - 26 - 9 = 0. What is the greatest common divisor of u and 15?
5
Let q = 11 - 9. Calculate the highest common divisor of q and 2.
2
Let t be 25/(-20) - 250/(-8). What is the greatest common divisor of t and 270?
30
Suppose -5*r - 2*a + 27 = 0, -2*r - 4*a = -a - 13. Suppose o - r = -2. Calculate the greatest common divisor of o and 3.
3
Suppose 0 = 3*l + l + 4. Let i = 15 - l. Let y = -7 - -39. What is the highest common factor of i and y?
16
Let j be (-173)/(-9) - (-10)/(-45). Suppose -4*g + j = 7. Calculate the highest common divisor of 27 and g.
3
Suppose 0*u = 4*u - 256. Let r(o) = -15*o - 8 + 0*o**2 - o**2 + 5*o. Let v be r(-8). What is the highest common divisor of v and u?
8
Let i(d) = -4*d + 132. Let g be i(0). What is the highest common factor of 12 and g?
12
Let n be ((-5)/10)/(1/(-16)). What is the highest common divisor of 72 and n?
8
Suppose 2*u + u - 4*g - 68 = 0, -2*u + 38 = g. What is the highest common factor of 15 and u?
5
Let p(y) = 7*y + 1. Let t(b) = -b**2 + 3*b + 2. Let v be t(4). Let h be p(v). Let q = -6 - h. What is the highest common divisor of 35 and q?
7
Let g = 116 + -59. Calculate the greatest common divisor of g and 19.
19
Let n(y) = y + 8. Let w be n(8). What is the highest common divisor of w and 64?
16
Suppose -2*f + 72 = 4*o, -14 + 78 = 2*f - 4*o. What is the greatest common divisor of 85 and f?
17
Suppose -s + 2*z - 110 = -6*s, -5*s = -4*z - 110. What is the highest common divisor of 11 and s?
11
Let w(i) = -4*i. Let x be w(-2). Suppose 2 + x = 2*z + 2*j, 4*z + j = 11. Calculate the greatest common divisor of z and 12.
2
Suppose 0 = y - 8 - 16. What is the greatest common divisor of 8 and y?
8
Suppose -12 = n - 5*d, 0 = -n + 4*d - 1 - 6. What is the greatest common divisor of 117 and n?
13
Let r(s) = s**2 - 9*s + 6. Let l be r(10). Let p be ((-8)/(-5))/(2/60). Calculate the highest common factor of l and p.
16
Let r = 13 - 4. Suppose 5*b - b = 36. Let l = 27 - b. Calculate the highest common factor of r and l.
9
Let f be -4 + 2 - (-832)/1. Let a be (-2)/(-7) - f/(-35). Calculate the greatest common divisor of a and 60.
12
Suppose 4*h - 22 + 2 = 0. Suppose 0 = 2*f - h*f - 9, 0 = 2*p - 5*f - 39. Calculate the greatest common divisor of p and 30.
6
Suppose 3*k + 2*n - 31 = 0, -k + 4*n = -2*k + 7. Let x be (129/6)/(9/18). Let c = 12 + x. Calculate the highest common factor of c and k.
11
Let p be (1/(-2))/((-1)/32). What is the highest common factor of p and 80?
16
Let f(g) = -g + 18. Let c be f(16). Calculate the highest common divisor of c and 2.
2
Let t(i) = -i**3 + 10*i**2 + 7*i + 4. Let u be t(7). Calculate the greatest common factor of 25 and u.
25
Let j(x) = x + 9. Let h be j(-5). Suppose -5*k + 3*q = -372, k + 208 = h*k + 2*q. Calculate the greatest common factor of k and 9.
9
Let g(z) = z**2 - 13*z + 2. Let l be g(14). Calculate the greatest common divisor of 16 and l.
16
Let v be -2 + 1 + (37 - (6 + -3)). Calculate the highest common factor of 11 and v.
11
Let t(k) = 4 + 24*k - 2 + 1. Let p be t(7). Suppose -4*x = -6*x + 38. What is the highest common factor of p and x?
19
Let m = -88 - -235. What is the greatest common divisor of m and 21?
21
Let l(v) = -v**3 + 5*v**2 - 2*v + 2. Let q be l(4). What is the greatest common divisor of 15 and q?
5
Let c = 105 + -91. Calculate the highest common divisor of c and 7.
7
Let x = 58 + -14. Suppose 12 = -5*u + y, -y + 5*y - 8 = 0. Let c be 1*(2 + 0) - u. What is the greatest common factor of x and c?
4
Let q be -14*((-2)/(-4) + -1). Let a(r) = 2*r**2 - r + 1. Let p = 0 - -2. Let o be a(p). Calculate the highest common divisor of o and q.
7
Let m be 1/((-3)/(-9)) - -17. What is the highest common divisor of m and 20?
20
Suppose -30 = 4*o - 142. Let r = -2 + o. Calculate the highest common factor of 13 and r.
13
Suppose 0 = -21*y + 6284 - 2021. Calculate the highest common divisor of 7 and y.
7
Suppose 2*u = -0*u 